{"id":63,"date":"2023-12-26T18:13:01","date_gmt":"2023-12-26T18:13:01","guid":{"rendered":"https:\/\/mclaughlin.dk\/?page_id=63"},"modified":"2024-11-03T08:39:52","modified_gmt":"2024-11-03T08:39:52","slug":"63-2","status":"publish","type":"page","link":"https:\/\/mclaughlin.dk\/","title":{"rendered":"Hjem"},"content":{"rendered":"\n<div class=\"wp-block-group alignfull has-global-padding is-layout-constrained wp-container-core-group-is-layout-d89aad35 wp-block-group-is-layout-constrained\" style=\"margin-top:0;margin-bottom:0;padding-top:var(--wp--preset--spacing--50);padding-right:var(--wp--preset--spacing--50);padding-bottom:var(--wp--preset--spacing--50);padding-left:var(--wp--preset--spacing--50)\">\n<div class=\"wp-block-group alignfull has-global-padding is-layout-constrained wp-container-core-group-is-layout-d89aad35 wp-block-group-is-layout-constrained\" style=\"margin-top:0;margin-bottom:0;padding-top:var(--wp--preset--spacing--50);padding-right:var(--wp--preset--spacing--50);padding-bottom:var(--wp--preset--spacing--50);padding-left:var(--wp--preset--spacing--50)\">\n<div class=\"wp-block-columns alignwide are-vertically-aligned-center is-layout-flex wp-container-core-columns-is-layout-47c06fe3 wp-block-columns-is-layout-flex\">\n<div class=\"wp-block-column is-vertically-aligned-center is-layout-flow wp-block-column-is-layout-flow\" style=\"flex-basis:50%\">\n<h2 class=\"wp-block-heading\">Denis Mc Laughlin<br><em>Irish Folk Music<\/em><\/h2>\n\n\n\n<blockquote class=\"wp-block-quote has-base-background-color has-background is-layout-flow wp-block-quote-is-layout-flow\">\n<h6 class=\"wp-block-heading\">Jeg er en Irsk folkemusiker fra Derry i Nordirland, som har sl\u00e5et mig ned i Vestjylland tilbage i 80\u2019erne. jeg har en stor passion for irsk folkemusik, som jeg har spillet siden jeg var ung.<\/h6>\n\n\n\n<h6 class=\"wp-block-heading\">Jeg har spillet til koncerter, til brylupper, p\u00e5 pubs, og p\u00e5 festivaller og til alt midt i mellem. Jeg spiller b\u00e5de solo men ogs\u00e5 i diverse konstellationer med andre musikere.&nbsp;<\/h6>\n\n\n\n<h6 class=\"wp-block-heading\">T\u00f8v ikke med at skrive til mig, hvis du er interesseret i at booke mig eller du bare vil forh\u00f8re dig om muligheden.<\/h6>\n<cite>&#8211; Denis<br><\/cite><\/blockquote>\n<\/div>\n\n\n\n<div class=\"wp-block-column is-vertically-aligned-center is-layout-flow wp-block-column-is-layout-flow\" style=\"flex-basis:50%\">\n<figure class=\"wp-block-image alignleft size-full is-resized is-style-rounded is-style-rounded--1\"><img loading=\"lazy\" decoding=\"async\" width=\"1707\" height=\"2560\" src=\"https:\/\/mclaughlin.dk\/wp-content\/uploads\/2023\/12\/RIV02160-scaled.jpg\" alt=\"\" class=\"wp-image-56\" style=\"aspect-ratio:1;object-fit:cover;width:523px;height:auto\" srcset=\"https:\/\/mclaughlin.dk\/wp-content\/uploads\/2023\/12\/RIV02160-scaled.jpg 1707w, https:\/\/mclaughlin.dk\/wp-content\/uploads\/2023\/12\/RIV02160-200x300.jpg 200w, https:\/\/mclaughlin.dk\/wp-content\/uploads\/2023\/12\/RIV02160-683x1024.jpg 683w, https:\/\/mclaughlin.dk\/wp-content\/uploads\/2023\/12\/RIV02160-768x1152.jpg 768w, https:\/\/mclaughlin.dk\/wp-content\/uploads\/2023\/12\/RIV02160-1024x1536.jpg 1024w, https:\/\/mclaughlin.dk\/wp-content\/uploads\/2023\/12\/RIV02160-1365x2048.jpg 1365w\" sizes=\"auto, (max-width: 1707px) 100vw, 1707px\" \/><\/figure>\n<\/div>\n<\/div>\n<\/div>\n\n\n\n<div class=\"wp-block-group has-global-padding is-layout-constrained wp-block-group-is-layout-constrained\">\n<div class=\"wp-block-media-text alignfull has-media-on-the-right is-stacked-on-mobile is-image-fill has-contrast-color has-base-2-background-color has-text-color has-background has-link-color has-medium-font-size wp-elements-0e872659dec12be3e3a7a88217c0f7bf\" style=\"padding-top:0;padding-right:0;padding-bottom:0;padding-left:0;grid-template-columns:auto 28%\"><div class=\"wp-block-media-text__content\">\n<p class=\"has-large-font-size\"><strong>Se en ny musik video med Denis herunder<\/strong>&nbsp;\u2b07&nbsp;<\/p>\n\n\n\n<p>Denis spiller \u201cThe Song Sings On (Ballad of Tommy Makem)\u201d&nbsp; af Tommy Sands p\u00e5 hans g\u00e5rd et sted i Vestjylland.<\/p>\n<\/div><figure class=\"wp-block-media-text__media\" style=\"background-image:url(https:\/\/mclaughlin.dk\/wp-content\/uploads\/2023\/12\/Logo-green-.png);background-position:50% 50%\"><img loading=\"lazy\" decoding=\"async\" width=\"750\" height=\"808\" src=\"https:\/\/mclaughlin.dk\/wp-content\/uploads\/2023\/12\/Logo-green-.png\" alt=\"\" class=\"wp-image-30 size-full\" srcset=\"https:\/\/mclaughlin.dk\/wp-content\/uploads\/2023\/12\/Logo-green-.png 750w, https:\/\/mclaughlin.dk\/wp-content\/uploads\/2023\/12\/Logo-green--278x300.png 278w\" sizes=\"auto, (max-width: 750px) 100vw, 750px\" \/><\/figure><\/div>\n<\/div>\n\n\n\n<figure class=\"wp-block-embed alignwide is-type-video is-provider-youtube wp-block-embed-youtube wp-embed-aspect-16-9 wp-has-aspect-ratio\"><div class=\"wp-block-embed__wrapper\">\n<iframe loading=\"lazy\" title=\"Song from the Corn: Denis Mc Laughlin plays The Song Sings On (Ballad of Tommy Makem) By Tommy Sands\" width=\"500\" height=\"281\" src=\"https:\/\/www.youtube.com\/embed\/m0uRdOv9vDI?feature=oembed\" frameborder=\"0\" allow=\"accelerometer; autoplay; clipboard-write; encrypted-media; gyroscope; picture-in-picture; web-share\" referrerpolicy=\"strict-origin-when-cross-origin\" allowfullscreen><\/iframe>\n<\/div><\/figure>\n\n\n\n<figure class=\"wp-block-embed is-type-video is-provider-youtube wp-block-embed-youtube wp-embed-aspect-16-9 wp-has-aspect-ratio\" style=\"margin-top:var(--wp--preset--spacing--50);margin-right:0;margin-bottom:var(--wp--preset--spacing--50);margin-left:0\"><div class=\"wp-block-embed__wrapper\">\n<iframe loading=\"lazy\" title=\"Culchie Bades\u00f8en Festival\" width=\"500\" height=\"281\" src=\"https:\/\/www.youtube.com\/embed\/RWyYoe7LGq8?feature=oembed\" frameborder=\"0\" allow=\"accelerometer; autoplay; clipboard-write; encrypted-media; gyroscope; picture-in-picture; web-share\" referrerpolicy=\"strict-origin-when-cross-origin\" allowfullscreen><\/iframe>\n<\/div><\/figure>\n\n\n\n<div class=\"wp-block-group alignwide has-global-padding is-layout-constrained wp-block-group-is-layout-constrained\">\n<div class=\"wp-block-query alignwide is-layout-flow wp-block-query-is-layout-flow\">\n\n\n<div style=\"height:var(--wp--preset--spacing--30)\" aria-hidden=\"true\" class=\"wp-block-spacer\"><\/div>\n\n\n\n\n<div class=\"wp-block-query-no-results\">\n\n<p>No posts were found.<\/p>\n\n<\/div><\/div>\n<\/div>\n\n\n\n<div class=\"wp-block-group alignfull has-contrast-color has-text-color is-vertical is-content-justification-center is-layout-flex wp-container-core-group-is-layout-f306f087 wp-block-group-is-layout-flex\" style=\"min-height:40vh;margin-top:0;margin-bottom:0;padding-top:var(--wp--preset--spacing--60);padding-right:var(--wp--preset--spacing--50);padding-bottom:var(--wp--preset--spacing--60);padding-left:var(--wp--preset--spacing--50)\">\n<div class=\"wp-block-group is-vertical is-content-justification-center is-layout-flex wp-container-core-group-is-layout-838cd1cc wp-block-group-is-layout-flex\" style=\"padding-top:var(--wp--preset--spacing--40);padding-bottom:var(--wp--preset--spacing--50)\"><div class=\"is-default-size wp-block-site-logo\"><a href=\"https:\/\/mclaughlin.dk\/\" class=\"custom-logo-link\" rel=\"home\"><img loading=\"lazy\" decoding=\"async\" width=\"750\" height=\"808\" src=\"https:\/\/mclaughlin.dk\/wp-content\/uploads\/2023\/12\/Logo-green-.png\" class=\"custom-logo\" alt=\"Irish folk music by Denis Mc Laughlin\" srcset=\"https:\/\/mclaughlin.dk\/wp-content\/uploads\/2023\/12\/Logo-green-.png 750w, https:\/\/mclaughlin.dk\/wp-content\/uploads\/2023\/12\/Logo-green--278x300.png 278w\" sizes=\"auto, (max-width: 750px) 100vw, 750px\" \/><\/a><\/div>\n\n<nav class=\"has-small-font-size items-justified-center wp-block-navigation is-content-justification-center is-layout-flex wp-container-core-navigation-is-layout-a89b3969 wp-block-navigation-is-layout-flex\" aria-label=\"Navigation\"><ul class=\"wp-block-navigation__container has-small-font-size items-justified-center wp-block-navigation has-small-font-size\"><li class=\"has-small-font-size wp-block-navigation-item wp-block-navigation-link\"><a class=\"wp-block-navigation-item__content\"  href=\"https:\/\/mclaughlin.dk\/index.php\/nyheder\/\"><span class=\"wp-block-navigation-item__label\">Nyheder og kalender<\/span><\/a><\/li><li class=\"has-small-font-size wp-block-navigation-item wp-block-navigation-link\"><a class=\"wp-block-navigation-item__content\"  href=\"https:\/\/mclaughlin.dk\/index.php\/63-2\/culchi\/\"><span class=\"wp-block-navigation-item__label\">Culchi<\/span><\/a><\/li><li class=\"has-small-font-size wp-block-navigation-item wp-block-navigation-link\"><a class=\"wp-block-navigation-item__content\"  href=\"https:\/\/mclaughlin.dk\/index.php\/kontakt\/\"><span class=\"wp-block-navigation-item__label\">Kontakt mig her<\/span><\/a><\/li><li class=\"has-small-font-size wp-block-navigation-item wp-block-navigation-link\"><a class=\"wp-block-navigation-item__content\"  href=\"https:\/\/mclaughlin.dk\/index.php\/sange\/\"><span class=\"wp-block-navigation-item__label\">Sangtekster<\/span><\/a><\/li><li class=\"has-small-font-size wp-block-navigation-item wp-block-navigation-link\"><a class=\"wp-block-navigation-item__content\"  href=\"https:\/\/mclaughlin.dk\/\"><span class=\"wp-block-navigation-item__label\">Hjem<\/span><\/a><\/li><\/ul><\/nav>\n\n\n<ul class=\"wp-block-social-links has-normal-icon-size is-style-logos-only is-nowrap is-layout-flex wp-container-core-social-links-is-layout-65900438 wp-block-social-links-is-layout-flex\"><li class=\"wp-social-link wp-social-link-facebook  wp-block-social-link\"><a href=\"https:\/\/www.facebook.com\/search\/top?q=irish%20balladeer%20denis%20mc%20laughlin\" class=\"wp-block-social-link-anchor\" target=\"_blank\" rel=\"noopener\"><svg width=\"24\" height=\"24\" viewBox=\"0 0 24 24\" version=\"1.1\" xmlns=\"http:\/\/www.w3.org\/2000\/svg\" aria-hidden=\"true\" focusable=\"false\"><path d=\"M12 2C6.5 2 2 6.5 2 12c0 5 3.7 9.1 8.4 9.9v-7H7.9V12h2.5V9.8c0-2.5 1.5-3.9 3.8-3.9 1.1 0 2.2.2 2.2.2v2.5h-1.3c-1.2 0-1.6.8-1.6 1.6V12h2.8l-.4 2.9h-2.3v7C18.3 21.1 22 17 22 12c0-5.5-4.5-10-10-10z\"><\/path><\/svg><span class=\"wp-block-social-link-label screen-reader-text\">Facebook<\/span><\/a><\/li><\/ul>\n<\/div>\n<\/div>\n<\/div>\n","protected":false},"excerpt":{"rendered":"<p>Denis Mc LaughlinIrish Folk Music Jeg er en Irsk folkemusiker fra Derry i Nordirland, som har sl\u00e5et mig ned i Vestjylland tilbage i 80\u2019erne. jeg har en stor passion for irsk folkemusik, som jeg har spillet siden jeg var ung. Jeg har spillet til koncerter, til brylupper, p\u00e5 pubs, og p\u00e5 festivaller og til alt [&hellip;]<\/p>\n","protected":false},"author":1,"featured_media":0,"parent":0,"menu_order":0,"comment_status":"closed","ping_status":"closed","template":"","meta":{"footnotes":""},"class_list":["post-63","page","type-page","status-publish","hentry"],"_links":{"self":[{"href":"https:\/\/mclaughlin.dk\/index.php\/wp-json\/wp\/v2\/pages\/63","targetHints":{"allow":["GET"]}}],"collection":[{"href":"https:\/\/mclaughlin.dk\/index.php\/wp-json\/wp\/v2\/pages"}],"about":[{"href":"https:\/\/mclaughlin.dk\/index.php\/wp-json\/wp\/v2\/types\/page"}],"author":[{"embeddable":true,"href":"https:\/\/mclaughlin.dk\/index.php\/wp-json\/wp\/v2\/users\/1"}],"replies":[{"embeddable":true,"href":"https:\/\/mclaughlin.dk\/index.php\/wp-json\/wp\/v2\/comments?post=63"}],"version-history":[{"count":13,"href":"https:\/\/mclaughlin.dk\/index.php\/wp-json\/wp\/v2\/pages\/63\/revisions"}],"predecessor-version":[{"id":221,"href":"https:\/\/mclaughlin.dk\/index.php\/wp-json\/wp\/v2\/pages\/63\/revisions\/221"}],"wp:attachment":[{"href":"https:\/\/mclaughlin.dk\/index.php\/wp-json\/wp\/v2\/media?parent=63"}],"curies":[{"name":"wp","href":"https:\/\/api.w.org\/{rel}","templated":true}]}}

<div class="wp-block-group alignfull has-global-padding is-layout-constrained wp-container-core-group-is-layout-d89aad35 wp-block-group-is-layout-constrained" style="margin-top:0;margin-bottom:0;padding-top:var(--wp--preset--spacing--50);padding-right:var(--wp--preset--spacing--50);padding-bottom:var(--wp--preset--spacing--50);padding-left:var(--wp--preset--spacing--50)">
<div class="wp-block-group alignfull has-global-padding is-layout-constrained wp-container-core-group-is-layout-d89aad35 wp-block-group-is-layout-constrained" style="margin-top:0;margin-bottom:0;padding-top:var(--wp--preset--spacing--50);padding-right:var(--wp--preset--spacing--50);padding-bottom:var(--wp--preset--spacing--50);padding-left:var(--wp--preset--spacing--50)">
<div class="wp-block-columns alignwide are-vertically-aligned-center is-layout-flex wp-container-core-columns-is-layout-47c06fe3 wp-block-columns-is-layout-flex">
<div class="wp-block-column is-vertically-aligned-center is-layout-flow wp-block-column-is-layout-flow" style="flex-basis:50%">
<h2 class="wp-block-heading">Denis Mc Laughlin<br><em>Irish Folk Music</em></h2>



<blockquote class="wp-block-quote has-base-background-color has-background is-layout-flow wp-block-quote-is-layout-flow">
<h6 class="wp-block-heading">Jeg er en Irsk folkemusiker fra Derry i Nordirland, som har slået mig ned i Vestjylland tilbage i 80’erne. jeg har en stor passion for irsk folkemusik, som jeg har spillet siden jeg var ung.</h6>



<h6 class="wp-block-heading">Jeg har spillet til koncerter, til brylupper, på pubs, og på festivaller og til alt midt i mellem. Jeg spiller både solo men også i diverse konstellationer med andre musikere.&nbsp;</h6>



<h6 class="wp-block-heading">Tøv ikke med at skrive til mig, hvis du er interesseret i at booke mig eller du bare vil forhøre dig om muligheden.</h6>
<cite>&#8211; Denis<br></cite></blockquote>
</div>



<div class="wp-block-column is-vertically-aligned-center is-layout-flow wp-block-column-is-layout-flow" style="flex-basis:50%">
<figure class="wp-block-image alignleft size-full is-resized is-style-rounded is-style-rounded--1"><img loading="lazy" decoding="async" width="1707" height="2560" src="https://mclaughlin.dk/wp-content/uploads/2023/12/RIV02160-scaled.jpg" alt="" class="wp-image-56" style="aspect-ratio:1;object-fit:cover;width:523px;height:auto" srcset="https://mclaughlin.dk/wp-content/uploads/2023/12/RIV02160-scaled.jpg 1707w, https://mclaughlin.dk/wp-content/uploads/2023/12/RIV02160-200x300.jpg 200w, https://mclaughlin.dk/wp-content/uploads/2023/12/RIV02160-683x1024.jpg 683w, https://mclaughlin.dk/wp-content/uploads/2023/12/RIV02160-768x1152.jpg 768w, https://mclaughlin.dk/wp-content/uploads/2023/12/RIV02160-1024x1536.jpg 1024w, https://mclaughlin.dk/wp-content/uploads/2023/12/RIV02160-1365x2048.jpg 1365w" sizes="auto, (max-width: 1707px) 100vw, 1707px" /></figure>
</div>
</div>
</div>



<div class="wp-block-group has-global-padding is-layout-constrained wp-block-group-is-layout-constrained">
<div class="wp-block-media-text alignfull has-media-on-the-right is-stacked-on-mobile is-image-fill has-contrast-color has-base-2-background-color has-text-color has-background has-link-color has-medium-font-size wp-elements-0e872659dec12be3e3a7a88217c0f7bf" style="padding-top:0;padding-right:0;padding-bottom:0;padding-left:0;grid-template-columns:auto 28%"><div class="wp-block-media-text__content">
<p class="has-large-font-size"><strong>Se en ny musik video med Denis herunder</strong>&nbsp;⬇&nbsp;</p>



<p>Denis spiller “The Song Sings On (Ballad of Tommy Makem)”&nbsp; af Tommy Sands på hans gård et sted i Vestjylland.</p>
</div><figure class="wp-block-media-text__media" style="background-image:url(https://mclaughlin.dk/wp-content/uploads/2023/12/Logo-green-.png);background-position:50% 50%"><img loading="lazy" decoding="async" width="750" height="808" src="https://mclaughlin.dk/wp-content/uploads/2023/12/Logo-green-.png" alt="" class="wp-image-30 size-full" srcset="https://mclaughlin.dk/wp-content/uploads/2023/12/Logo-green-.png 750w, https://mclaughlin.dk/wp-content/uploads/2023/12/Logo-green--278x300.png 278w" sizes="auto, (max-width: 750px) 100vw, 750px" /></figure></div>
</div>



<figure class="wp-block-embed alignwide is-type-video is-provider-youtube wp-block-embed-youtube wp-embed-aspect-16-9 wp-has-aspect-ratio"><div class="wp-block-embed__wrapper">
<iframe loading="lazy" title="Song from the Corn: Denis Mc Laughlin plays The Song Sings On (Ballad of Tommy Makem) By Tommy Sands" width="500" height="281" src="https://www.youtube.com/embed/m0uRdOv9vDI?feature=oembed" frameborder="0" allow="accelerometer; autoplay; clipboard-write; encrypted-media; gyroscope; picture-in-picture; web-share" referrerpolicy="strict-origin-when-cross-origin" allowfullscreen></iframe>
</div></figure>



<figure class="wp-block-embed is-type-video is-provider-youtube wp-block-embed-youtube wp-embed-aspect-16-9 wp-has-aspect-ratio" style="margin-top:var(--wp--preset--spacing--50);margin-right:0;margin-bottom:var(--wp--preset--spacing--50);margin-left:0"><div class="wp-block-embed__wrapper">
<iframe loading="lazy" title="Culchie Badesøen Festival" width="500" height="281" src="https://www.youtube.com/embed/RWyYoe7LGq8?feature=oembed" frameborder="0" allow="accelerometer; autoplay; clipboard-write; encrypted-media; gyroscope; picture-in-picture; web-share" referrerpolicy="strict-origin-when-cross-origin" allowfullscreen></iframe>
</div></figure>



<div class="wp-block-group alignwide has-global-padding is-layout-constrained wp-block-group-is-layout-constrained">
<div class="wp-block-query alignwide is-layout-flow wp-block-query-is-layout-flow">


<div style="height:var(--wp--preset--spacing--30)" aria-hidden="true" class="wp-block-spacer"></div>




<div class="wp-block-query-no-results">

<p>No posts were found.</p>

</div></div>
</div>



<div class="wp-block-group alignfull has-contrast-color has-text-color is-vertical is-content-justification-center is-layout-flex wp-container-core-group-is-layout-f306f087 wp-block-group-is-layout-flex" style="min-height:40vh;margin-top:0;margin-bottom:0;padding-top:var(--wp--preset--spacing--60);padding-right:var(--wp--preset--spacing--50);padding-bottom:var(--wp--preset--spacing--60);padding-left:var(--wp--preset--spacing--50)">
<div class="wp-block-group is-vertical is-content-justification-center is-layout-flex wp-container-core-group-is-layout-838cd1cc wp-block-group-is-layout-flex" style="padding-top:var(--wp--preset--spacing--40);padding-bottom:var(--wp--preset--spacing--50)"><div class="is-default-size wp-block-site-logo"><a href="https://mclaughlin.dk/" class="custom-logo-link" rel="home"><img loading="lazy" decoding="async" width="750" height="808" src="https://mclaughlin.dk/wp-content/uploads/2023/12/Logo-green-.png" class="custom-logo" alt="Irish folk music by Denis Mc Laughlin" srcset="https://mclaughlin.dk/wp-content/uploads/2023/12/Logo-green-.png 750w, https://mclaughlin.dk/wp-content/uploads/2023/12/Logo-green--278x300.png 278w" sizes="auto, (max-width: 750px) 100vw, 750px" /></a></div>

<nav class="has-small-font-size items-justified-center wp-block-navigation is-content-justification-center is-layout-flex wp-container-core-navigation-is-layout-a89b3969 wp-block-navigation-is-layout-flex" aria-label="Navigation"><ul class="wp-block-navigation__container has-small-font-size items-justified-center wp-block-navigation has-small-font-size"><li class="has-small-font-size wp-block-navigation-item wp-block-navigation-link"><a class="wp-block-navigation-item__content"  href="https://mclaughlin.dk/index.php/nyheder/"><span class="wp-block-navigation-item__label">Nyheder og kalender</span></a></li><li class="has-small-font-size wp-block-navigation-item wp-block-navigation-link"><a class="wp-block-navigation-item__content"  href="https://mclaughlin.dk/index.php/63-2/culchi/"><span class="wp-block-navigation-item__label">Culchi</span></a></li><li class="has-small-font-size wp-block-navigation-item wp-block-navigation-link"><a class="wp-block-navigation-item__content"  href="https://mclaughlin.dk/index.php/kontakt/"><span class="wp-block-navigation-item__label">Kontakt mig her</span></a></li><li class="has-small-font-size wp-block-navigation-item wp-block-navigation-link"><a class="wp-block-navigation-item__content"  href="https://mclaughlin.dk/index.php/sange/"><span class="wp-block-navigation-item__label">Sangtekster</span></a></li><li class="has-small-font-size wp-block-navigation-item wp-block-navigation-link"><a class="wp-block-navigation-item__content"  href="https://mclaughlin.dk/"><span class="wp-block-navigation-item__label">Hjem</span></a></li></ul></nav>


<ul class="wp-block-social-links has-normal-icon-size is-style-logos-only is-nowrap is-layout-flex wp-container-core-social-links-is-layout-65900438 wp-block-social-links-is-layout-flex"><li class="wp-social-link wp-social-link-facebook  wp-block-social-link"><a href="https://www.facebook.com/search/top?q=irish%20balladeer%20denis%20mc%20laughlin" class="wp-block-social-link-anchor" target="_blank" rel="noopener"><svg width="24" height="24" viewBox="0 0 24 24" version="1.1" xmlns="http://www.w3.org/2000/svg" aria-hidden="true" focusable="false"><path d="M12 2C6.5 2 2 6.5 2 12c0 5 3.7 9.1 8.4 9.9v-7H7.9V12h2.5V9.8c0-2.5 1.5-3.9 3.8-3.9 1.1 0 2.2.2 2.2.2v2.5h-1.3c-1.2 0-1.6.8-1.6 1.6V12h2.8l-.4 2.9h-2.3v7C18.3 21.1 22 17 22 12c0-5.5-4.5-10-10-10z"></path></svg><span class="wp-block-social-link-label screen-reader-text">Facebook</span></a></li></ul>
</div>
</div>
</div>

<p>Denis Mc LaughlinIrish Folk Music Jeg er en Irsk folkemusiker fra Derry i Nordirland, som har slået mig ned i Vestjylland tilbage i 80’erne. jeg har en stor passion for irsk folkemusik, som jeg har spillet siden jeg var ung. Jeg har spillet til koncerter, til brylupper, på pubs, og på festivaller og til alt [&hellip;]</p>
